*t + 5*g = 2*t + 295. Suppose -3*l + 3 = h + 1, 3*h = 3*l + 18. Suppose 3*v - 3*f - 183 = 0, 2*v - h*f = 4*v - t. Is v prime?
False
Let i(w) = -19379*w - 10. Is i(-1) composite?
True
Suppose 8*a + 0*a = 123512. Is a prime?
True
Let q = 119 - -208. Suppose 0*f - f = -q. Is f prime?
False
Suppose -10 = 5*g + 65. Let n be 3/g + 346/5. Is (-27)/(-4) - n/92 a composite number?
True
Let c = 27 - 24. Is -1*191*(-4 + c) prime?
True
Suppose 1040*l - 1043*l + 1185 = 0. Is l prime?
False
Let s(d) = d**3 - d**2 + 66*d - 13. Is s(28) a composite number?
False
Suppose -10*m = -9*m + 31. Is ((2 - 0) + m)*-17 a prime number?
False
Let o(d) = d**2 + d + 2. Let z be o(0). Suppose -5*q + 2*n = 0, -3*n = z*q - n - 14. Suppose -q = 3*w - 116. Is w composite?
True
Suppose -3*n + 24 = -3. Let r = 30 + n. Is r prime?
False
Suppose 2*f = 4, p - 432 = 3*p - 5*f. Suppose -3*r + 757 = -347. Let u = p + r. Is u composite?
False
Let x = -8 + 10. Suppose 3*w = -3*d - 0*w + 6, -4 = -x*w. Suppose -3*k + 963 - 66 = d. Is k a composite number?
True
Let d(l) = 16*l**2 - 6*l + 19. Is d(24) prime?
True
Is 26/(-117) - (-534910)/18 a prime number?
True
Let m be 0 + -2 + (0 - -1189). Suppose -3*f + 3*x = 7*x - m, -5*f + 1955 = 2*x. Is f composite?
False
Suppose 2*p - 1774 = 3*n, 0 = 2*p - 41*n + 43*n - 1774. Is p composite?
False
Let v(n) = 93*n**3 - 15*n**2 + 2*n - 21. Is v(8) a prime number?
False
Suppose -6*a - 1733 - 1069 = 0. Is a*(-5 + 2 + 7 + -5) prime?
True
Suppose 5669 = -3*t + 17390. Is t prime?
True
Suppose n + 4079 = 4*n + h, 2*h = -4*n + 5436. Is n a prime number?
True
Let x(m) = -m**3 - 20*m**2 - 4*m - 3. Is x(-20) composite?
True
Suppose 4*d - 2*m + 58 + 28 = 0, -4*m + 32 = -d. Let y = d - -31. Suppose y*v + 444 = 15*v. Is v prime?
False
Let k = 111306 - 72863. Is k prime?
False
Suppose -115646 = -2*g - 6*n, -3*g + 3*n = -2*g - 57835. Is g a composite number?
False
Suppose -4*v = 4*g - 12, -4*g + 0 = -4*v + 20. Suppose -v*i - 4*d = -3088, -2*i + 3073 = 2*i + d. Is i a composite number?
True
Suppose 0 = 7*d + 867 - 2575. Let c = d + -150. Is c a composite number?
True
Is (-6 - (1 - 4) - -14867) + -7 a prime number?
False
Let x(u) = u**3 + 5*u**2 - 2*u + 5. Let q be x(-4). Suppose -479 = -5*h - q. Let v = h - 1. Is v composite?
False
Let c(w) = 23*w**2 - 9*w - 57. Is c(-10) composite?
False
Let s(h) = h**3 + 5*h**2 + h + 9. Let w be s(-5). Suppose -69 = -w*v + 575. Is v prime?
False
Suppose 2*g = -4*i + 1 - 9, -g + 3*i + 11 = 0. Suppose 0 = r + g*r - 18. Is ((-14)/r)/(9/(-81)) a composite number?
True
Let z(m) = -3*m**3 + 6*m**2 - 9*m - 7. Let p(x) = 2*x**3 - 5*x**2 + 10*x + 6. Let u(k) = -3*p(k) - 4*z(k). Is u(5) prime?
False
Let h = -7 + 7. Suppose h = -0*t + 5*t. Suppose 5*l - 15 - 20 = t. Is l a prime number?
True
Let b be (-24)/(-18)*3/2. Let u be 0*((-7)/b + 3). Suppose k - 6*k + 175 = u. Is k composite?
True
Suppose -2*t = 32*z - 31*z - 27280, -3*z = 4*t - 54558. Is t a prime number?
False
Suppose 5*r + 5911 = 4*i, 0*r - 1187 = r + 4*i. Let l be 3430/(-4)*-2 + 5. Let p = l + r. Is p prime?
False
Suppose 4*c - f = 17900, -6*f + 6 = 30. Is c a composite number?
True
Let w(k) = -92*k - 10. Let f be w(7). Let l be ((-7)/(-21))/((-1)/f). Let h = l - -164. Is h a composite number?
True
Let q = 11 + -7. Let m(n) = n + 3. Let z be m(-5). Is (q/(-6))/(z/237) prime?
True
Suppose -4*r = -5*p - 84, r - 8*p - 6 = -3*p. Let d = -1 + r. Is d a prime number?
False
Let x(v) = -31*v + 53 - 92*v - 6*v. Is x(-20) a composite number?
False
Suppose 75*j + 35*j - 1593130 = 0. Is j a composite number?
True
Suppose 11*s - 4*h = 7*s + 256, 2*s - 123 = 3*h. Is s prime?
False
Suppose -2*w - 4*a + 0*a = 16, -5*w - 5*a = 20. Suppose -4*h - 5*i = 17, 7 = h - i - w*i. Suppose h*r - 143 = r. Is r a prime number?
False
Let d(p) = -48*p + 119. Is d(-15) prime?
True
Let x(m) = 20388*m**2 - 49*m - 51. Is x(-1) a composite number?
True
Is (34/(-102))/((-2)/6702) a composite number?
False
Suppose -26*u - 80951 = -39*u. Is u a composite number?
True
Let f(b) be the second derivative of -b**7/840 + b**6/72 + b**5/24 + 3*b**4/8 - 2*b**3/3 + 7*b. Let h(v) be the second derivative of f(v). Is h(6) prime?
True
Let w(d) = 4*d**2 - 28*d + 163. Is w(6) a composite number?
False
Let v(c) = 2*c**3 - 4*c**2 + 6*c + 9. Let q(s) = s**2 + s + 1. Let a(i) = -4*q(i) + v(i). Is a(5) prime?
False
Suppose 4*d = 3*z - 0*z, -4*d + 8 = -z. Suppose 0 = -b + d*b + 8. Is 78 + -1 + (-4 - b) composite?
True
Let p(k) = -k**2 - 17*k + 15. Suppose 0 = 3*m - 6, 4*a - 4*m + 44 = -8*m. Is p(a) prime?
True
Suppose 0 = -4*k - 2*g + 83166, -g + 34266 - 138206 = -5*k. Is k a composite number?
False
Let l(h) = -15*h**2 + 6*h + 2. Let q(y) = 14*y**2 - 6*y - 3. Let d(p) = 3*l(p) + 4*q(p). Let c be d(6). Is c + (-2 - 3/(-3)) composite?
False
Let o be (-4 + 5)/(3/9810). Suppose 4*v - 6*v = -o. Suppose 3*a + 2*a = v. Is a a prime number?
False
Let b(v) = 6*v**2 - 17*v + 133. Is b(16) composite?
True
Let v(a) = -9*a - 5. Suppose 3*s + 2*k + 40 = 4*k, -14 = 2*s + 5*k. Is v(s) a prime number?
True
Suppose 2*q - 4*m + 874 + 364 = 0, 0 = 5*m + 10. Let i = -189 - q. Suppose 5*y - i = y - v, 3*v + 333 = 3*y. Is y a prime number?
True
Let h be ((-15)/10 + (-33)/(-6))/(-2). Is (h + 0)/(3 - 3286/1094) composite?
False
Let u(s) = -470*s - 719. Is u(-6) a composite number?
True
Let g(z) = -3*z**3 - 8*z**2 - 14*z - 28. Is g(-9) prime?
True
Let z(a) = -a**3 + 7*a**2 + a + 2. Let b be z(7). Suppose -3868 = b*q - 13*q. Is q a prime number?
True
Suppose -m + 486 = -733. Is m composite?
True
Let j(h) = h**3 - h**2 - 3*h - 1. Let o be j(3). Let w = 8 - o. Suppose 4*i - 173 + 33 = w. Is i a composite number?
True
Let n(t) = -t - 1. Let k(j) = -j - 6. Let w be k(0). Let v(h) = 2*h + 11. Let c(r) = w*n(r) - v(r). Is c(11) a prime number?
False
Let f(s) be the third derivative of s**6/60 + s**5/6 - s**3/6 - 33*s**2. Is f(5) composite?
False
Let w be -4 - ((-2 - -6) + -3 + -5). Is w + (-48513)/(-27) - (-2)/9 prime?
False
Suppose 55*v - 26388 = 43*v. Is v prime?
False
Let w = 106 - 19. Suppose -4*s = 143 - 855. Let i = s - w. Is i composite?
True
Suppose 4*w + 5*h - 15707 = 3*w, 2*h - 78627 = -5*w. Is w a prime number?
True
Let q(p) = -2*p**3 - p**2 + p + 11. Suppose -2*u + 11 = -3. Suppose 0 = 2*j - j + u. Is q(j) composite?
False
Let z be 0 + -1 - (-6 + 6). Let j(n) = -295*n**3 + 2*n + 1. Let s be j(z). Suppose s = m + 2*o + o, -2*m - 4*o + 594 = 0. Is m a prime number?
False
Suppose -26 = -6*v + 3*v - m, 2*v - 4*m = 22. Suppose 8 = v*k - 10. Suppose -k*w = 5*w - 98. Is w composite?
True
Let g be 3914/4 - 25/10. Let o = 871 + g. Is o a prime number?
True
Let g = -3 - -14. Let f be (12 - g)*1*4. Suppose -f*i = -317 - 159. Is i a composite number?
True
Let h = -35 - -79. Let f = h + -20. Let d = f + 13. Is d prime?
True
Let s(f) = f - 11. Suppose 4*r + 28 = 2*g - 0*g, -22 = -2*g + r. Let m be s(g). Is -2 + (-4 - m)*-11 prime?
True
Let q be (0/1)/((-3)/3). Suppose q*p - 5*p = -40. Let m(x) = 6*x**2 + 5*x - 11. Is m(p) composite?
True
Suppose -5869 = -4*r + 3*t, -t + 4392 = -r + 4*r. Is r a prime number?
False
Let w = 24 + -1. Suppose -5*k - w = -53. Let i(r) = 3*r**2 + r - 1. Is i(k) prime?
True
Let o(h) be the second derivative of -12*h**5/5 - h**4/6 - 2*h**3/3 - 5*h**2/2 + 19*h. Is o(-2) a prime number?
True
Let k(t) = -7*t**3 - t**2 + 1. Let g be k(-1). Suppose 0 = 10*n - g*n - 447. Is n a prime number?
True
Let g(x) = -x**3 + 5*x**2 + 2*x - 1. Let a be g(5). Let f(n) = -n**2 + 10*n - 9. Let l be f(a). Suppose -5*i + 36 - 6 = l. Is i composite?
True
Let i(l) = -l**2 + 3*l + 5. Let x be i(4). Let u = 5 + x. Let n(q) = q**2 - q - 8. Is n(u) composite?
True
Let i(u) = -3*u - 171. Let y be i(0). Suppose 1660 = 2*z + 3*z. Let v = y + z. Is v a composite number?
True
Let s = -2 - -2. Suppose s*g + 34 = g. Suppose -2*u + 0*p + 2*p + g = 0, 4*u = -5*p + 86. Is u a composite number?
False
Let q(a) = 4*a**2 - 6*a + 37. Let f be q(-31). Let u = f - 2418. Is u composite?
True
Let w(o) = o**2 + 1. Let m be w(1). Suppose 18 = -m*r - r. Is (-1149)/r - 1/2 prime?
True
Let i(h) = h + 5. Let z be i(-2). Suppose -3*m + q + 466 = 0, z*m + 0*q - 456 = 3*q. Is m prime?
True
Let t = -7 - -9. Suppose g = 3*q - 10, -t - 8 = 2*g - q. Let x(i) = -18*i + 5. Is x(g) composite?
True
Let g = 3